{"id":512,"date":"2020-12-28T17:49:34","date_gmt":"2020-12-28T16:49:34","guid":{"rendered":"https:\/\/wp.sdr.sk\/?page_id=512"},"modified":"2023-02-09T11:30:10","modified_gmt":"2023-02-09T10:30:10","slug":"uzitocne-odkazy","status":"publish","type":"page","link":"https:\/\/www.sdr.sk\/index.php\/uzitocne-odkazy\/","title":{"rendered":"U\u017dITO\u010cN\u00c9 ODKAZY"},"content":{"rendered":"\n<p class=\"has-text-align-center\"><strong><a rel=\"noreferrer noopener\" href=\"http:\/\/congregatio-sdr.com\/\" target=\"_blank\">GENERAL\u00c1T<\/a><\/strong><\/p>\n\n\n\n<p class=\"has-text-align-center\"><strong><a href=\"http:\/\/www.alfonza-maria-eppinger.com\/\" target=\"_blank\" rel=\"noreferrer noopener\">BLAHORE\u010cENIE<\/a><\/strong><\/p>\n\n\n\n<p class=\"has-text-align-center\"><strong><a href=\"http:\/\/www.alzbetka-no.sk\" target=\"_blank\" rel=\"noreferrer noopener\">AL\u017dBETKA, n. o.<\/a><\/strong><\/p>\n\n\n\n<p><\/p>\n\n\n\n<h5 class=\"has-text-align-center\"><strong>NA\u0160E PROVINCIE\/REGI\u00d3N<\/strong><\/h5>\n\n\n\n<p class=\"has-text-align-center\"><strong><a href=\"https:\/\/www.redemptor.hu\/megvaltosnoverek\/\" target=\"_blank\" rel=\"noreferrer noopener\">MA\u010eARSK\u00c1 PROVINCIA<\/a><\/strong><\/p>\n\n\n\n<p class=\"has-text-align-center\"><strong><a rel=\"noreferrer noopener\" href=\"https:\/\/sdr.or.at\/\" target=\"_blank\">RAK\u00daSKA PROVINCIA<\/a><\/strong><\/p>\n\n\n\n<p class=\"has-text-align-center\"><strong><a rel=\"noreferrer noopener\" href=\"http:\/\/www.divine-redeemer-sisters.org\/\" target=\"_blank\">AMERICK\u00dd REGI\u00d3N<\/a><\/strong><\/p>\n\n\n\n<p><\/p>\n\n\n\n<h5 class=\"has-text-align-center\"><strong>NA\u0160E SESTERSK\u00c9 KONGREG\u00c1CIE<\/strong><\/h5>\n\n\n\n<p class=\"has-text-align-center\"><strong>Obeerbronn:<\/strong><\/p>\n\n\n\n<p class=\"has-text-align-center\"><strong><a href=\"https:\/\/cstss.org\/index.php?id=startseite&amp;L=2&amp;id=startseite\" target=\"_blank\" rel=\"noreferrer noopener\">FRANC\u00daZSKA PROVINCIA<\/a><\/strong><\/p>\n\n\n\n<p class=\"has-text-align-center\"><strong><a href=\"https:\/\/www.schwestern-vom-goettlichen-erloeser.de\/\" target=\"_blank\" rel=\"noreferrer noopener\">NEMECK\u00c1 A RAK\u00daSKA PROVINCIA<\/a><\/strong><\/p>\n\n\n\n<p class=\"has-text-align-center\"><strong><a rel=\"noreferrer noopener\" href=\"http:\/\/www.spasitelky.sk\/\" target=\"_blank\">SLOVENSK\u00c1 PROVINCIA<\/a><\/strong><\/p>\n\n\n\n<p><\/p>\n\n\n\n<p class=\"has-text-align-center\"><strong>Wurzburg:<\/strong><\/p>\n\n\n\n<p class=\"has-text-align-center\"><strong><a href=\"https:\/\/wirbelwind.erloeserschwestern.de\/\" target=\"_blank\" rel=\"noreferrer noopener\">NEMECK\u00c1 PROVINCIA<\/a><\/strong><\/p>\n\n\n\n<p class=\"has-text-align-center\"><strong><a rel=\"noreferrer noopener\" href=\"http:\/\/redeemersisters.org\/\" target=\"_blank\">AMERICK\u00c1 PROVINCIA<\/a><\/strong><\/p>\n\n\n\n<p><\/p>\n\n\n\n<h5 class=\"has-text-align-center\"><strong>IN\u00c9<\/strong><\/h5>\n\n\n\n<p class=\"has-text-align-center\"><a rel=\"noreferrer noopener\" href=\"https:\/\/svatepismo.sk\/\" target=\"_blank\"><strong>SV\u00c4T\u00c9 P\u00cdSMO<\/strong><\/a><\/p>\n\n\n\n<p class=\"has-text-align-center\"><strong><a rel=\"noreferrer noopener\" href=\"https:\/\/www.kbs.sk\/\" target=\"_blank\">KBS<\/a><\/strong><\/p>\n\n\n\n<p class=\"has-text-align-center\"><strong><a rel=\"noreferrer noopener\" href=\"http:\/\/www.povolania.kbs.sk\/\" target=\"_blank\">POVOLANIA<\/a><\/strong><\/p>\n\n\n\n<p class=\"has-text-align-center\"><strong><a rel=\"noreferrer noopener\" href=\"https:\/\/www.rehole.sk\/\" target=\"_blank\">REHOLE<\/a><\/strong><\/p>\n\n\n\n<p class=\"has-text-align-center\"><strong><a rel=\"noreferrer noopener\" href=\"https:\/\/zasvatenyzivot.sk\/\" target=\"_blank\">\u010cASOPIS Z\u017d<\/a><\/strong><\/p>\n\n\n\n<p class=\"has-text-align-center\"><strong><a rel=\"noreferrer noopener\" href=\"http:\/\/www.evanjelizacia.eu\/\" target=\"_blank\">EVANJELIZ\u00c1CIA<\/a><\/strong><\/p>\n\n\n\n<p class=\"has-text-align-center\"><strong><a href=\"https:\/\/christ-net.sk\/\" target=\"_blank\" rel=\"noreferrer noopener\">CHRISTNET<\/a><\/strong><\/p>\n","protected":false},"excerpt":{"rendered":"<p>GENERAL\u00c1T BLAHORE\u010cENIE AL\u017dBETKA, n. o. NA\u0160E PROVINCIE\/REGI\u00d3N MA\u010eARSK\u00c1 PROVINCIA RAK\u00daSKA PROVINCIA AMERICK\u00dd REGI\u00d3N NA\u0160E SESTERSK\u00c9 KONGREG\u00c1CIE Obeerbronn: FRANC\u00daZSKA PROVINCIA NEMECK\u00c1<a class=\"read-more\" href=\"https:\/\/www.sdr.sk\/index.php\/uzitocne-odkazy\/\"\/>\u010c\u00edta\u0165 \u010falej<\/a><\/p>\n","protected":false},"author":1,"featured_media":0,"parent":0,"menu_order":0,"comment_status":"closed","ping_status":"closed","template":"page-templates\/template_nosidebar.php","meta":[],"_links":{"self":[{"href":"https:\/\/www.sdr.sk\/index.php\/wp-json\/wp\/v2\/pages\/512"}],"collection":[{"href":"https:\/\/www.sdr.sk\/index.php\/wp-json\/wp\/v2\/pages"}],"about":[{"href":"https:\/\/www.sdr.sk\/index.php\/wp-json\/wp\/v2\/types\/page"}],"author":[{"embeddable":true,"href":"https:\/\/www.sdr.sk\/index.php\/wp-json\/wp\/v2\/users\/1"}],"replies":[{"embeddable":true,"href":"https:\/\/www.sdr.sk\/index.php\/wp-json\/wp\/v2\/comments?post=512"}],"version-history":[{"count":3,"href":"https:\/\/www.sdr.sk\/index.php\/wp-json\/wp\/v2\/pages\/512\/revisions"}],"predecessor-version":[{"id":1811,"href":"https:\/\/www.sdr.sk\/index.php\/wp-json\/wp\/v2\/pages\/512\/revisions\/1811"}],"wp:attachment":[{"href":"https:\/\/www.sdr.sk\/index.php\/wp-json\/wp\/v2\/media?parent=512"}],"curies":[{"name":"wp","href":"https:\/\/api.w.org\/{rel}","templated":true}]}}