{"id":378,"date":"2020-12-11T14:10:30","date_gmt":"2020-12-11T13:10:30","guid":{"rendered":"https:\/\/wp.sdr.sk\/?page_id=378"},"modified":"2020-12-11T14:12:51","modified_gmt":"2020-12-11T13:12:51","slug":"logo","status":"publish","type":"page","link":"https:\/\/www.sdr.sk\/index.php\/logo\/","title":{"rendered":"LOGO"},"content":{"rendered":"\t\t<div data-elementor-type=\"wp-page\" data-elementor-id=\"378\" class=\"elementor elementor-378\" data-elementor-settings=\"[]\">\n\t\t\t\t\t\t<div class=\"elementor-inner\">\n\t\t\t\t\t\t\t<div class=\"elementor-section-wrap\">\n\t\t\t\t\t\t\t<section class=\"elementor-section elementor-top-section elementor-element elementor-element-00f1a24 elementor-section-boxed elementor-section-height-default elementor-section-height-default\" data-id=\"00f1a24\" data-element_type=\"section\">\n\t\t\t\t\t\t<div class=\"elementor-container elementor-column-gap-default\">\n\t\t\t\t\t\t\t<div class=\"elementor-row\">\n\t\t\t\t\t<div class=\"elementor-column elementor-col-50 elementor-top-column elementor-element elementor-element-51ddf1d\" data-id=\"51ddf1d\" data-element_type=\"column\">\n\t\t\t<div class=\"elementor-column-wrap elementor-element-populated\">\n\t\t\t\t\t\t\t<div class=\"elementor-widget-wrap\">\n\t\t\t\t\t\t<div class=\"elementor-element elementor-element-6f42d1b elementor-widget elementor-widget-text-editor\" data-id=\"6f42d1b\" data-element_type=\"widget\" data-widget_type=\"text-editor.default\">\n\t\t\t\t<div class=\"elementor-widget-container\">\n\t\t\t\t\t<div class=\"elementor-text-editor elementor-clearfix\"><p style=\"text-align: center;\"><strong>Logo SDR<\/strong><\/p><p>L\u00ednie kr\u00ed\u017ea nie s\u00fa \u00faplne uzavret\u00e9. T\u00fdm je vyjadren\u00e9 to, \u010do sv. Pavol p\u00ed\u0161e v liste Kolosanom 1,24: &#8222;&#8230;na vlastnom tele dop\u013a\u0148am to, \u010do ch\u00fdba Kristovmu utrpeniu.&#8220;\u00a0 Dva v sebe sa prel\u00ednaj\u00face kruhy poukazuj\u00fa na bo\u017esk\u00fa a \u013eudsk\u00fa prirodzenos\u0165 n\u00e1\u0161ho Vykupite\u013ea. Aj n\u00e1\u0161 \u017eivot mus\u00ed by\u0165 zalo\u017een\u00fd na utrpen\u00ed a zm\u0155tvychvstan\u00ed Vykupite\u013ea.<\/p><p>\u201eKongreg\u00e1cia SDR\u201c ozna\u010duje latinsk\u00fd n\u00e1zov na\u0161ej kongreg\u00e1cie: \u00a0Congregatio Sororum a Divino Redemptore. Skratka SDR je pou\u017eit\u00e1 v\u017edy, ke\u010f chceme vyjadri\u0165 nie\u010do, \u010do patr\u00ed v\u00fdnimo\u010dne k n\u00e1m. N\u00e1jdete ju aj na konci mien na\u0161ich sestier, aby sa t\u00fdm vyjadrila ich pr\u00edslu\u0161nos\u0165 ku kongreg\u00e1cii.<\/p><\/div>\n\t\t\t\t<\/div>\n\t\t\t\t<\/div>\n\t\t\t\t\t\t<\/div>\n\t\t\t\t\t<\/div>\n\t\t<\/div>\n\t\t\t\t<div class=\"elementor-column elementor-col-50 elementor-top-column elementor-element elementor-element-3aaba2d\" data-id=\"3aaba2d\" data-element_type=\"column\">\n\t\t\t<div class=\"elementor-column-wrap elementor-element-populated\">\n\t\t\t\t\t\t\t<div class=\"elementor-widget-wrap\">\n\t\t\t\t\t\t<div class=\"elementor-element elementor-element-d99aedf elementor-widget elementor-widget-image\" data-id=\"d99aedf\" data-element_type=\"widget\" data-widget_type=\"image.default\">\n\t\t\t\t<div class=\"elementor-widget-container\">\n\t\t\t\t\t<div class=\"elementor-image\">\n\t\t\t\t\t\t\t\t\t\t<img width=\"300\" height=\"300\" src=\"https:\/\/www.sdr.sk\/wp-content\/uploads\/2020\/11\/Znak_SDR-01-300x300.png\" class=\"attachment-medium size-medium\" alt=\"\" loading=\"lazy\" srcset=\"https:\/\/www.sdr.sk\/wp-content\/uploads\/2020\/11\/Znak_SDR-01-300x300.png 300w, https:\/\/www.sdr.sk\/wp-content\/uploads\/2020\/11\/Znak_SDR-01-1024x1024.png 1024w, https:\/\/www.sdr.sk\/wp-content\/uploads\/2020\/11\/Znak_SDR-01-150x150.png 150w, https:\/\/www.sdr.sk\/wp-content\/uploads\/2020\/11\/Znak_SDR-01-768x768.png 768w, https:\/\/www.sdr.sk\/wp-content\/uploads\/2020\/11\/Znak_SDR-01-1536x1536.png 1536w, https:\/\/www.sdr.sk\/wp-content\/uploads\/2020\/11\/Znak_SDR-01-2048x2048.png 2048w, https:\/\/www.sdr.sk\/wp-content\/uploads\/2020\/11\/Znak_SDR-01-900x900.png 900w, https:\/\/www.sdr.sk\/wp-content\/uploads\/2020\/11\/Znak_SDR-01-400x400.png 400w\" sizes=\"(max-width: 300px) 100vw, 300px\" \/>\t\t\t\t\t\t\t\t\t\t\t<\/div>\n\t\t\t\t<\/div>\n\t\t\t\t<\/div>\n\t\t\t\t\t\t<\/div>\n\t\t\t\t\t<\/div>\n\t\t<\/div>\n\t\t\t\t\t\t\t\t<\/div>\n\t\t\t\t\t<\/div>\n\t\t<\/section>\n\t\t\t\t\t\t<\/div>\n\t\t\t\t\t\t<\/div>\n\t\t\t\t\t<\/div>\n\t\t","protected":false},"excerpt":{"rendered":"<p>Logo SDR L\u00ednie kr\u00ed\u017ea nie s\u00fa \u00faplne uzavret\u00e9. T\u00fdm je vyjadren\u00e9 to, \u010do sv. Pavol p\u00ed\u0161e v liste Kolosanom 1,24:<a class=\"read-more\" href=\"https:\/\/www.sdr.sk\/index.php\/logo\/\"\/>\u010c\u00edta\u0165 \u010falej<\/a><\/p>\n","protected":false},"author":1,"featured_media":0,"parent":0,"menu_order":0,"comment_status":"closed","ping_status":"closed","template":"page-templates\/template_nosidebar.php","meta":[],"_links":{"self":[{"href":"https:\/\/www.sdr.sk\/index.php\/wp-json\/wp\/v2\/pages\/378"}],"collection":[{"href":"https:\/\/www.sdr.sk\/index.php\/wp-json\/wp\/v2\/pages"}],"about":[{"href":"https:\/\/www.sdr.sk\/index.php\/wp-json\/wp\/v2\/types\/page"}],"author":[{"embeddable":true,"href":"https:\/\/www.sdr.sk\/index.php\/wp-json\/wp\/v2\/users\/1"}],"replies":[{"embeddable":true,"href":"https:\/\/www.sdr.sk\/index.php\/wp-json\/wp\/v2\/comments?post=378"}],"version-history":[{"count":4,"href":"https:\/\/www.sdr.sk\/index.php\/wp-json\/wp\/v2\/pages\/378\/revisions"}],"predecessor-version":[{"id":382,"href":"https:\/\/www.sdr.sk\/index.php\/wp-json\/wp\/v2\/pages\/378\/revisions\/382"}],"wp:attachment":[{"href":"https:\/\/www.sdr.sk\/index.php\/wp-json\/wp\/v2\/media?parent=378"}],"curies":[{"name":"wp","href":"https:\/\/api.w.org\/{rel}","templated":true}]}}