{"id":311,"date":"2020-12-10T14:15:07","date_gmt":"2020-12-10T13:15:07","guid":{"rendered":"https:\/\/wp.sdr.sk\/?page_id=311"},"modified":"2021-03-31T16:39:43","modified_gmt":"2021-03-31T14:39:43","slug":"historicky-kalendar","status":"publish","type":"page","link":"https:\/\/www.sdr.sk\/index.php\/historicky-kalendar\/","title":{"rendered":"HISTORICK\u00dd KALEND\u00c1R"},"content":{"rendered":"\t\t<div data-elementor-type=\"wp-page\" data-elementor-id=\"311\" class=\"elementor elementor-311\" data-elementor-settings=\"[]\">\n\t\t\t\t\t\t<div class=\"elementor-inner\">\n\t\t\t\t\t\t\t<div class=\"elementor-section-wrap\">\n\t\t\t\t\t\t\t<section class=\"elementor-section elementor-top-section elementor-element elementor-element-2a7fab3d elementor-section-boxed elementor-section-height-default elementor-section-height-default\" data-id=\"2a7fab3d\" data-element_type=\"section\">\n\t\t\t\t\t\t<div class=\"elementor-container elementor-column-gap-default\">\n\t\t\t\t\t\t\t<div class=\"elementor-row\">\n\t\t\t\t\t<div class=\"elementor-column elementor-col-100 elementor-top-column elementor-element elementor-element-5c18b023\" data-id=\"5c18b023\" data-element_type=\"column\">\n\t\t\t<div class=\"elementor-column-wrap elementor-element-populated\">\n\t\t\t\t\t\t\t<div class=\"elementor-widget-wrap\">\n\t\t\t\t\t\t<div class=\"elementor-element elementor-element-106d6610 elementor-widget elementor-widget-text-editor\" data-id=\"106d6610\" data-element_type=\"widget\" data-widget_type=\"text-editor.default\">\n\t\t\t\t<div class=\"elementor-widget-container\">\n\t\t\t\t\t<div class=\"elementor-text-editor elementor-clearfix\"><p><!-- wp:paragraph --><\/p>\n<p>\u2022&nbsp;&nbsp;&nbsp;&nbsp;&nbsp;&nbsp;&nbsp;9. 9. 1814&nbsp; \u2013&nbsp; v Niederbronne sa narodila Al\u017ebeta Eppingerov\u00e1<br>\u2022&nbsp;&nbsp;&nbsp;&nbsp;&nbsp;&nbsp;&nbsp;28. 8. 1849&nbsp; \u2013&nbsp; Al\u017ebeta Eppingerov\u00e1 \u2013 Matka Alfonza M\u00e1ria zaklad\u00e1 kongreg\u00e1ciu<br>\u2022&nbsp;&nbsp;&nbsp;&nbsp;&nbsp;&nbsp;&nbsp;19. 5. 1863&nbsp; \u2013&nbsp; pr\u00edchod prv\u00fdch sestier do \u0160oprone<br>\u2022&nbsp;&nbsp;&nbsp;&nbsp;&nbsp;&nbsp;&nbsp;13. 6. 1867&nbsp; \u2013&nbsp; osamostatnenie \u0160oprone<br>\u2022&nbsp;&nbsp;&nbsp;&nbsp;&nbsp;&nbsp;&nbsp;1875&nbsp; \u2013&nbsp; pr\u00edchod prv\u00fdch sestier na \u00fazemie dne\u0161n\u00e9ho Slovenska do Nov\u00fdch&nbsp;Z\u00e1mkov<br>\u2022&nbsp;&nbsp;&nbsp;&nbsp;&nbsp;&nbsp;&nbsp;16. 2. 1924&nbsp; \u2013&nbsp; vytvorenie provinci\u00ed; s\u00eddlo \u010ceskoslovenskej provincie je v Nov\u00fdch Z\u00e1mkoch<br>\u2022&nbsp;&nbsp;&nbsp;&nbsp;&nbsp;&nbsp;&nbsp;16. 8. 1927 \u2013&nbsp; pr\u00edchod sestier do Spi\u0161skej Novej Vsi<br>\u2022&nbsp;&nbsp;&nbsp;&nbsp;&nbsp;&nbsp;&nbsp;1938 \u2013&nbsp; v d\u00f4sledku posunu hran\u00edc medzi \u010ceskoslovenskom a Ma\u010farskom sa nov\u00fdm s\u00eddlom provincie  st\u00e1va Spi\u0161sk\u00e1 Nov\u00e1 Ves<br>\u2022&nbsp;&nbsp;&nbsp;&nbsp;&nbsp;&nbsp;&nbsp;2. 7. 1940 \u2013&nbsp; schv\u00e1lenie Kon\u0161tit\u00faci\u00ed v R\u00edme<br>\u2022&nbsp;&nbsp;&nbsp;&nbsp;&nbsp;&nbsp;&nbsp;29. 8. 1950 \u2013&nbsp; n\u00e1siln\u00e9 preru\u0161enie \u010dinnosti sestier v \u0161kol\u00e1ch a za\u010diatok koncentr\u00e1cie v s\u00fastre\u010fovac\u00edch t\u00e1boroch pod doh\u013eadom komunistickej \u0161t\u00e1tnej&nbsp;bezpe\u010dnosti<br>\u2022&nbsp;&nbsp;&nbsp;&nbsp;&nbsp;&nbsp;&nbsp;1969&nbsp; \u2013&nbsp;po uvo\u013enen\u00ed politick\u00e9ho nap\u00e4tia boli po dlh\u00fdch rokoch ofici\u00e1lne prijat\u00e9&nbsp;prv\u00e9 postulantky<br>\u2022&nbsp;&nbsp;&nbsp;&nbsp;&nbsp;&nbsp;&nbsp;1970 \u2013&nbsp; za\u010diatok \u201enormaliza\u010dn\u00e9ho procesu\u201c, po ktorom boli do kongreg\u00e1cie prij\u00edman\u00e9 nov\u00e9 postulantky iba tajne<br>\u2022&nbsp; &nbsp; &nbsp; &nbsp;1989&nbsp; \u2013&nbsp; politick\u00e1 situ\u00e1cia umo\u017e\u0148uje sestr\u00e1m znovu sa slobodne&nbsp;rozv\u00edja\u0165 a apo\u0161tolsky p\u00f4sobi\u0165<\/p>\n<p><!-- \/wp:paragraph --><\/p><\/div>\n\t\t\t\t<\/div>\n\t\t\t\t<\/div>\n\t\t\t\t\t\t<\/div>\n\t\t\t\t\t<\/div>\n\t\t<\/div>\n\t\t\t\t\t\t\t\t<\/div>\n\t\t\t\t\t<\/div>\n\t\t<\/section>\n\t\t\t\t\t\t<\/div>\n\t\t\t\t\t\t<\/div>\n\t\t\t\t\t<\/div>\n\t\t","protected":false},"excerpt":{"rendered":"<p>\u2022&nbsp;&nbsp;&nbsp;&nbsp;&nbsp;&nbsp;&nbsp;9. 9. 1814&nbsp; \u2013&nbsp; v Niederbronne sa narodila Al\u017ebeta Eppingerov\u00e1\u2022&nbsp;&nbsp;&nbsp;&nbsp;&nbsp;&nbsp;&nbsp;28. 8. 1849&nbsp; \u2013&nbsp; Al\u017ebeta Eppingerov\u00e1 \u2013 Matka Alfonza M\u00e1ria zaklad\u00e1<a class=\"read-more\" href=\"https:\/\/www.sdr.sk\/index.php\/historicky-kalendar\/\"\/>\u010c\u00edta\u0165 \u010falej<\/a><\/p>\n","protected":false},"author":1,"featured_media":0,"parent":0,"menu_order":0,"comment_status":"closed","ping_status":"closed","template":"page-templates\/template_nosidebar.php","meta":[],"_links":{"self":[{"href":"https:\/\/www.sdr.sk\/index.php\/wp-json\/wp\/v2\/pages\/311"}],"collection":[{"href":"https:\/\/www.sdr.sk\/index.php\/wp-json\/wp\/v2\/pages"}],"about":[{"href":"https:\/\/www.sdr.sk\/index.php\/wp-json\/wp\/v2\/types\/page"}],"author":[{"embeddable":true,"href":"https:\/\/www.sdr.sk\/index.php\/wp-json\/wp\/v2\/users\/1"}],"replies":[{"embeddable":true,"href":"https:\/\/www.sdr.sk\/index.php\/wp-json\/wp\/v2\/comments?post=311"}],"version-history":[{"count":4,"href":"https:\/\/www.sdr.sk\/index.php\/wp-json\/wp\/v2\/pages\/311\/revisions"}],"predecessor-version":[{"id":860,"href":"https:\/\/www.sdr.sk\/index.php\/wp-json\/wp\/v2\/pages\/311\/revisions\/860"}],"wp:attachment":[{"href":"https:\/\/www.sdr.sk\/index.php\/wp-json\/wp\/v2\/media?parent=311"}],"curies":[{"name":"wp","href":"https:\/\/api.w.org\/{rel}","templated":true}]}}

HISTORICKÝ KALENDÁR

<div data-elementor-type="wp-page" data-elementor-id="311" class="elementor elementor-311" data-elementor-settings="[]">
						<div class="elementor-inner">
							<div class="elementor-section-wrap">
							<section class="elementor-section elementor-top-section elementor-element elementor-element-2a7fab3d elementor-section-boxed elementor-section-height-default elementor-section-height-default" data-id="2a7fab3d" data-element_type="section">
						<div class="elementor-container elementor-column-gap-default">
							<div class="elementor-row">
					<div class="elementor-column elementor-col-100 elementor-top-column elementor-element elementor-element-5c18b023" data-id="5c18b023" data-element_type="column">
			<div class="elementor-column-wrap elementor-element-populated">
							<div class="elementor-widget-wrap">
						<div class="elementor-element elementor-element-106d6610 elementor-widget elementor-widget-text-editor" data-id="106d6610" data-element_type="widget" data-widget_type="text-editor.default">
				<div class="elementor-widget-container">
					<div class="elementor-text-editor elementor-clearfix"><p><!-- wp:paragraph --></p>
<p>•&nbsp;&nbsp;&nbsp;&nbsp;&nbsp;&nbsp;&nbsp;9. 9. 1814&nbsp; –&nbsp; v Niederbronne sa narodila Alžbeta Eppingerová<br>•&nbsp;&nbsp;&nbsp;&nbsp;&nbsp;&nbsp;&nbsp;28. 8. 1849&nbsp; –&nbsp; Alžbeta Eppingerová – Matka Alfonza Mária zakladá kongregáciu<br>•&nbsp;&nbsp;&nbsp;&nbsp;&nbsp;&nbsp;&nbsp;19. 5. 1863&nbsp; –&nbsp; príchod prvých sestier do Šoprone<br>•&nbsp;&nbsp;&nbsp;&nbsp;&nbsp;&nbsp;&nbsp;13. 6. 1867&nbsp; –&nbsp; osamostatnenie Šoprone<br>•&nbsp;&nbsp;&nbsp;&nbsp;&nbsp;&nbsp;&nbsp;1875&nbsp; –&nbsp; príchod prvých sestier na územie dnešného Slovenska do Nových&nbsp;Zámkov<br>•&nbsp;&nbsp;&nbsp;&nbsp;&nbsp;&nbsp;&nbsp;16. 2. 1924&nbsp; –&nbsp; vytvorenie provincií; sídlo Československej provincie je v Nových Zámkoch<br>•&nbsp;&nbsp;&nbsp;&nbsp;&nbsp;&nbsp;&nbsp;16. 8. 1927 –&nbsp; príchod sestier do Spišskej Novej Vsi<br>•&nbsp;&nbsp;&nbsp;&nbsp;&nbsp;&nbsp;&nbsp;1938 –&nbsp; v dôsledku posunu hraníc medzi Československom a Maďarskom sa novým sídlom provincie  stáva Spišská Nová Ves<br>•&nbsp;&nbsp;&nbsp;&nbsp;&nbsp;&nbsp;&nbsp;2. 7. 1940 –&nbsp; schválenie Konštitúcií v Ríme<br>•&nbsp;&nbsp;&nbsp;&nbsp;&nbsp;&nbsp;&nbsp;29. 8. 1950 –&nbsp; násilné prerušenie činnosti sestier v školách a začiatok koncentrácie v sústreďovacích táboroch pod dohľadom komunistickej štátnej&nbsp;bezpečnosti<br>•&nbsp;&nbsp;&nbsp;&nbsp;&nbsp;&nbsp;&nbsp;1969&nbsp; –&nbsp;po uvoľnení politického napätia boli po dlhých rokoch oficiálne prijaté&nbsp;prvé postulantky<br>•&nbsp;&nbsp;&nbsp;&nbsp;&nbsp;&nbsp;&nbsp;1970 –&nbsp; začiatok „normalizačného procesu“, po ktorom boli do kongregácie prijímané nové postulantky iba tajne<br>•&nbsp; &nbsp; &nbsp; &nbsp;1989&nbsp; –&nbsp; politická situácia umožňuje sestrám znovu sa slobodne&nbsp;rozvíjať a apoštolsky pôsobiť</p>
<p><!-- /wp:paragraph --></p></div>
				</div>
				</div>
						</div>
					</div>
		</div>
								</div>
					</div>
		</section>
						</div>
						</div>
					</div>

<p>•&nbsp;&nbsp;&nbsp;&nbsp;&nbsp;&nbsp;&nbsp;9. 9. 1814&nbsp; –&nbsp; v Niederbronne sa narodila Alžbeta Eppingerová•&nbsp;&nbsp;&nbsp;&nbsp;&nbsp;&nbsp;&nbsp;28. 8. 1849&nbsp; –&nbsp; Alžbeta Eppingerová – Matka Alfonza Mária zakladá<a class="read-more" href="https://www.sdr.sk/index.php/historicky-kalendar/"/>Čítať ďalej</a></p>
