{"id":279,"date":"2020-12-10T13:47:00","date_gmt":"2020-12-10T12:47:00","guid":{"rendered":"https:\/\/wp.sdr.sk\/?page_id=279"},"modified":"2021-01-19T08:36:54","modified_gmt":"2021-01-19T07:36:54","slug":"vizie","status":"publish","type":"page","link":"https:\/\/www.sdr.sk\/index.php\/vizie\/","title":{"rendered":"V\u00cdZIE BLAHOLAVENEJ ALFONZY M\u00c1RIE"},"content":{"rendered":"\n<p>V\u010faka v\u00edzi\u00e1m matka Alfonza M\u00e1ria \u010dastej\u0161ie vid\u00ed seba sam\u00fa v betlehemskej ma\u0161ta\u013eke ako  sa&nbsp;mimoriadne d\u00f4verne rozpr\u00e1va s Die\u0165a\u0165om Je\u017ei\u0161om, s M\u00e1riou a s in\u00fdmi sv\u00e4t\u00fdmi. Najm\u00e4 sv.&nbsp;Ter\u00e9zia a&nbsp;sv. Franti\u0161ek jej boli dan\u00ed za brata a&nbsp;sestru. \u010castej\u0161ie \u2013 a&nbsp;zvl\u00e1\u0161\u0165 ka\u017ed\u00fd piatok \u2013 videla a&nbsp;dokonca si \u017eelala c\u00edti\u0165 na vlastnom tele Kristovo utrpenie. Niektor\u00e9 v\u00edzie sa sn\u00e1\u010f na prv\u00fd poh\u013ead m\u00f4\u017eu zda\u0165 zvl\u00e1\u0161tne, ale vlastne neobsahuj\u00fa ni\u010d proti viere a&nbsp;mor\u00e1lke, ako ani&nbsp;ni\u010d, \u010do by sa, ur\u010dit\u00fdm sp\u00f4sobom, nedalo n\u00e1js\u0165 vo v\u00edzi\u00e1ch in\u00fdch sv\u00e4tcov. V\u010faka t\u00fdmto sk\u00fasenostiam ju mnoh\u00ed \u013eudia po\u017eiadali o radu. Raz, ke\u010f u\u017e bola z&nbsp;toho celkom bezradn\u00e1, p\u00fdtala sa P\u00e1na: \u201ePre\u010do?\u201c A on odpovedal: \u201eDovol\u00edm, aby k&nbsp;tebe pri\u0161li niektor\u00ed vysoko postaven\u00ed \u013eudia. Neboj sa v\u0161ak poveda\u0165 im to, \u010do ti uk\u00e1\u017eem. H\u013ea, ja nerozli\u0161ujem medzi \u013eu\u010fmi,<br>vid\u00edm len srdcia t\u00fdch, ktor\u00ed po mne t\u00fa\u017eia a miluj\u00fa ma. Pozeraj len na sp\u00e1su du\u0161\u00ed, moju \u010des\u0165 a&nbsp;nasleduj ma!\u201c<\/p>\n\n\n\n<p><\/p>\n\n\n\n<p class=\"has-text-align-center\"><strong><a href=\"https:\/\/sdr.sk\/wp-content\/uploads\/2020\/12\/21.10.1849.pdf\">v\u00edzia z 21. 10. 1849<\/a>    \/\/    <a href=\"https:\/\/sdr.sk\/wp-content\/uploads\/2020\/12\/23.10.1849.pdf\">v\u00edzia z 23. 10. 1849<\/a>    \/\/    <a href=\"https:\/\/sdr.sk\/wp-content\/uploads\/2020\/12\/24.10.1849.pdf\">v\u00edzia z 24. 10. 1849<\/a>     \/\/    <a href=\"https:\/\/sdr.sk\/wp-content\/uploads\/2020\/12\/25.10.1849.pdf\">v\u00edzia z 25. 10. 1849<\/a><\/strong><\/p>\n","protected":false},"excerpt":{"rendered":"<p>V\u010faka v\u00edzi\u00e1m matka Alfonza M\u00e1ria \u010dastej\u0161ie vid\u00ed seba sam\u00fa v betlehemskej ma\u0161ta\u013eke ako sa&nbsp;mimoriadne d\u00f4verne rozpr\u00e1va s Die\u0165a\u0165om Je\u017ei\u0161om, s<a class=\"read-more\" href=\"https:\/\/www.sdr.sk\/index.php\/vizie\/\"\/>\u010c\u00edta\u0165 \u010falej<\/a><\/p>\n","protected":false},"author":1,"featured_media":0,"parent":0,"menu_order":0,"comment_status":"closed","ping_status":"closed","template":"page-templates\/template_nosidebar.php","meta":[],"_links":{"self":[{"href":"https:\/\/www.sdr.sk\/index.php\/wp-json\/wp\/v2\/pages\/279"}],"collection":[{"href":"https:\/\/www.sdr.sk\/index.php\/wp-json\/wp\/v2\/pages"}],"about":[{"href":"https:\/\/www.sdr.sk\/index.php\/wp-json\/wp\/v2\/types\/page"}],"author":[{"embeddable":true,"href":"https:\/\/www.sdr.sk\/index.php\/wp-json\/wp\/v2\/users\/1"}],"replies":[{"embeddable":true,"href":"https:\/\/www.sdr.sk\/index.php\/wp-json\/wp\/v2\/comments?post=279"}],"version-history":[{"count":7,"href":"https:\/\/www.sdr.sk\/index.php\/wp-json\/wp\/v2\/pages\/279\/revisions"}],"predecessor-version":[{"id":667,"href":"https:\/\/www.sdr.sk\/index.php\/wp-json\/wp\/v2\/pages\/279\/revisions\/667"}],"wp:attachment":[{"href":"https:\/\/www.sdr.sk\/index.php\/wp-json\/wp\/v2\/media?parent=279"}],"curies":[{"name":"wp","href":"https:\/\/api.w.org\/{rel}","templated":true}]}}

VÍZIE BLAHOLAVENEJ ALFONZY MÁRIE

<p>Vďaka víziám matka Alfonza Mária častejšie vidí seba samú v betlehemskej maštaľke ako  sa&nbsp;mimoriadne dôverne rozpráva s Dieťaťom Ježišom, s Máriou a s inými svätými. Najmä sv.&nbsp;Terézia a&nbsp;sv. František jej boli daní za brata a&nbsp;sestru. Častejšie – a&nbsp;zvlášť každý piatok – videla a&nbsp;dokonca si želala cítiť na vlastnom tele Kristovo utrpenie. Niektoré vízie sa snáď na prvý pohľad môžu zdať zvláštne, ale vlastne neobsahujú nič proti viere a&nbsp;morálke, ako ani&nbsp;nič, čo by sa, určitým spôsobom, nedalo nájsť vo víziách iných svätcov. Vďaka týmto skúsenostiam ju mnohí ľudia požiadali o radu. Raz, keď už bola z&nbsp;toho celkom bezradná, pýtala sa Pána: „Prečo?“ A on odpovedal: „Dovolím, aby k&nbsp;tebe prišli niektorí vysoko postavení ľudia. Neboj sa však povedať im to, čo ti ukážem. Hľa, ja nerozlišujem medzi ľuďmi,<br>vidím len srdcia tých, ktorí po mne túžia a milujú ma. Pozeraj len na spásu duší, moju česť a&nbsp;nasleduj ma!“</p>



<p></p>



<p class="has-text-align-center"><strong><a href="https://sdr.sk/wp-content/uploads/2020/12/21.10.1849.pdf">vízia z 21. 10. 1849</a>    //    <a href="https://sdr.sk/wp-content/uploads/2020/12/23.10.1849.pdf">vízia z 23. 10. 1849</a>    //    <a href="https://sdr.sk/wp-content/uploads/2020/12/24.10.1849.pdf">vízia z 24. 10. 1849</a>     //    <a href="https://sdr.sk/wp-content/uploads/2020/12/25.10.1849.pdf">vízia z 25. 10. 1849</a></strong></p>

<p>Vďaka víziám matka Alfonza Mária častejšie vidí seba samú v betlehemskej maštaľke ako sa&nbsp;mimoriadne dôverne rozpráva s Dieťaťom Ježišom, s<a class="read-more" href="https://www.sdr.sk/index.php/vizie/"/>Čítať ďalej</a></p>
